{"id":1110,"date":"2015-02-11T07:42:03","date_gmt":"2015-02-11T07:42:03","guid":{"rendered":"http:\/\/www.ernestohernandez.org\/?page_id=1110"},"modified":"2015-02-11T07:53:21","modified_gmt":"2015-02-11T07:53:21","slug":"functional-food-from-biomass-bioprocessing","status":"publish","type":"page","link":"http:\/\/www.ernestohernandez.org\/?page_id=1110","title":{"rendered":"Functional food from biomass bioprocessing"},"content":{"rendered":"<dl id=\"attachment_404\" class=\"wp-caption alignleft\" style=\"width: 301px;\">\n<dt class=\"wp-caption-dt\"><a href=\"https:\/\/i0.wp.com\/www.ernestohernandez.org\/wp-content\/uploads\/2013\/10\/Development-of-Probiotics-and-Prebiotics.png\"><img data-recalc-dims=\"1\" loading=\"lazy\" decoding=\"async\" data-attachment-id=\"404\" data-permalink=\"http:\/\/www.ernestohernandez.org\/?attachment_id=404\" data-orig-file=\"https:\/\/i0.wp.com\/www.ernestohernandez.org\/wp-content\/uploads\/2013\/10\/Development-of-Probiotics-and-Prebiotics.png?fit=291%2C422\" data-orig-size=\"291,422\" data-comments-opened=\"1\" data-image-meta=\"{&quot;aperture&quot;:&quot;0&quot;,&quot;credit&quot;:&quot;&quot;,&quot;camera&quot;:&quot;&quot;,&quot;caption&quot;:&quot;&quot;,&quot;created_timestamp&quot;:&quot;0&quot;,&quot;copyright&quot;:&quot;&quot;,&quot;focal_length&quot;:&quot;0&quot;,&quot;iso&quot;:&quot;0&quot;,&quot;shutter_speed&quot;:&quot;0&quot;,&quot;title&quot;:&quot;&quot;}\" data-image-title=\"Development of Probiotics and Prebiotics\" data-image-description=\"&lt;p&gt;Book chapter Development of Probiotics and Prebiotics. In Engineering aspects of food biotechnology&lt;\/p&gt;\n\" data-image-caption=\"&lt;p&gt;Development of Probiotics and Prebiotics in book: Engineering aspects of food biotechnology&lt;\/p&gt;\n\" data-medium-file=\"https:\/\/i0.wp.com\/www.ernestohernandez.org\/wp-content\/uploads\/2013\/10\/Development-of-Probiotics-and-Prebiotics.png?fit=206%2C300\" data-large-file=\"https:\/\/i0.wp.com\/www.ernestohernandez.org\/wp-content\/uploads\/2013\/10\/Development-of-Probiotics-and-Prebiotics.png?fit=291%2C422\" class=\"wp-image-404 size-full\" src=\"https:\/\/i0.wp.com\/www.ernestohernandez.org\/wp-content\/uploads\/2013\/10\/Development-of-Probiotics-and-Prebiotics.png?resize=291%2C422\" alt=\"Development of Probiotics and Prebiotics in book: Engineering aspects of food biotechnology\" width=\"291\" height=\"422\" srcset=\"https:\/\/i0.wp.com\/www.ernestohernandez.org\/wp-content\/uploads\/2013\/10\/Development-of-Probiotics-and-Prebiotics.png?w=291 291w, https:\/\/i0.wp.com\/www.ernestohernandez.org\/wp-content\/uploads\/2013\/10\/Development-of-Probiotics-and-Prebiotics.png?resize=206%2C300 206w\" sizes=\"auto, (max-width: 291px) 100vw, 291px\" \/><\/a><\/dt>\n<dd class=\"wp-caption-dd\">Development of Probiotics and Prebiotics in book: Engineering aspects of food biotechnology<\/dd>\n<\/dl>\n<p>&nbsp;<\/p>\n<p style=\"text-align: justify;\">We are partners of the European Network for Gastrointestinal Health research, to which we delivered a review on the current status on the <a href=\"http:\/\/www.crcnetbase.com\/doi\/abs\/10.1201\/b15426-4\">Development of Probiotics and Prebiotics.<\/a> What are their health benefits? How are they produced? you can find answers to these and more questions in our publication.<\/p>\n<p>&nbsp;<\/p>\n<p>&nbsp;<\/p>\n<p>&nbsp;<\/p>\n<p>&nbsp;<\/p>\n<p>&nbsp;<\/p>\n","protected":false},"excerpt":{"rendered":"<p>Development of Probiotics and Prebiotics in book: Engineering aspects of food biotechnology &nbsp; We are partners of the European Network for Gastrointestinal Health research, to which we delivered a review on the current status on the Development of Probiotics and Prebiotics. What are their health benefits? How are they produced? you can find answers to [&hellip;]<\/p>\n","protected":false},"author":1,"featured_media":0,"parent":0,"menu_order":0,"comment_status":"open","ping_status":"open","template":"","meta":{"jetpack_post_was_ever_published":false,"footnotes":""},"class_list":["post-1110","page","type-page","status-publish","hentry"],"jetpack_sharing_enabled":true,"jetpack_shortlink":"https:\/\/wp.me\/P6rw5S-hU","jetpack-related-posts":[{"id":395,"url":"http:\/\/www.ernestohernandez.org\/?page_id=395","url_meta":{"origin":1110,"position":0},"title":"Health benefits and production of probiotics, prebiotics and symbiotics","author":"Ernesto Hernandez","date":"October 24, 2013","format":false,"excerpt":"How\u00a0could you be healthy for longer? People around the globe are more aware of the impact of food on health and general wellbeing, and the\u00a0answer has been targeted by an overwhelming amount of information that keeps rocketing regardless the language barrier, believes or cultural backgrounds. But, when it is time\u00a0to\u2026","rel":"","context":"Similar post","block_context":{"text":"Similar post","link":""},"img":{"alt_text":"","src":"","width":0,"height":0},"classes":[]},{"id":365,"url":"http:\/\/www.ernestohernandez.org\/?page_id=365","url_meta":{"origin":1110,"position":1},"title":"Biotech reading for everybody","author":"Ernesto Hernandez","date":"August 17, 2013","format":false,"excerpt":"\u00a0 Microbial Enhanced Oil Recovery Probiotics and prebiotics: facts on healthy food","rel":"","context":"Similar post","block_context":{"text":"Similar post","link":""},"img":{"alt_text":"","src":"","width":0,"height":0},"classes":[]},{"id":475,"url":"http:\/\/www.ernestohernandez.org\/?page_id=475","url_meta":{"origin":1110,"position":2},"title":"Publications","author":"Ernesto Hernandez","date":"May 3, 2014","format":false,"excerpt":"Peer-reviewed papers Tanimu, I.M., Hernandez, J.E. and Bachmann, R.T. (2025). Biogas potential of oil palm empty fruit bunch and lignocellulosic insoluble fibre components via the syringe bioreactor method.\u00a0Fuel.385 (1), p. 134087. https:\/\/doi.org\/10.1016\/j.fuel.2024.134087 \u00a0 Hernandez, J.E., Espinosa-Solares, T., P\u00e9rez-Cadena, R., T\u00e9llez-Jurado, A. and Ram\u00edrez-Arpide, F.R. (2024). Sustainable agrobiorefinery system for advanced\u2026","rel":"","context":"Similar post","block_context":{"text":"Similar post","link":""},"img":{"alt_text":"","src":"","width":0,"height":0},"classes":[]},{"id":5475,"url":"http:\/\/www.ernestohernandez.org\/?page_id=5475","url_meta":{"origin":1110,"position":3},"title":"The future of Bioengineering and its Impact","author":"Ernesto Hernandez","date":"May 21, 2025","format":false,"excerpt":"Here is an overview of the\u00a0future of bioengineering, a field merging biology and information technology to reshape businesses and society. It highlights\u00a0four key areas\u00a0within bioengineering: biomolecules, biosystems, biomachine interfaces, and biocomputing, with biomolecules and biosystems seeing recent significant progress. This text stresses that leaders should pay attention due to the\u2026","rel":"","context":"Similar post","block_context":{"text":"Similar post","link":""},"img":{"alt_text":"","src":"","width":0,"height":0},"classes":[]},{"id":335,"url":"http:\/\/www.ernestohernandez.org\/?page_id=335","url_meta":{"origin":1110,"position":4},"title":"Research","author":"Ernesto Hernandez","date":"August 15, 2013","format":false,"excerpt":"\"Nature is my\u00a0inspiration, it\u00a0motivates me to apply the tenets of chemical engineering to solve some of the current challenges faced by humankind \u2013I may call this, bioinspired chemical engineering\" \u00a0 Value-added chemicals from biomass Functional food from biomass bioprocessing Microbial enhanced oil recovery Bioenergy from cheese industry Molecular identification of\u2026","rel":"","context":"Similar post","block_context":{"text":"Similar post","link":""},"img":{"alt_text":"","src":"","width":0,"height":0},"classes":[]},{"id":1108,"url":"http:\/\/www.ernestohernandez.org\/?page_id=1108","url_meta":{"origin":1110,"position":5},"title":"Value-added chemicals from biomass","author":"Ernesto Hernandez","date":"February 11, 2015","format":false,"excerpt":"Value-added chemicals from biomass In this UK industry-sponsored project, we aimed at developing integrated bioprocess for the conversion of biomass to added-value products, e.g cells, enzymes, sugars, oils and biofuels. We delivered a novel process for adding value to algae residue by producing more microbial oil in additional steps -as\u2026","rel":"","context":"Similar post","block_context":{"text":"Similar post","link":""},"img":{"alt_text":"Automatic small digester","src":"https:\/\/i0.wp.com\/www.ernestohernandez.org\/wp-content\/uploads\/2018\/05\/34079089490_afff700c36_o.jpg?fit=1200%2C900&resize=350%2C200","width":350,"height":200,"srcset":"https:\/\/i0.wp.com\/www.ernestohernandez.org\/wp-content\/uploads\/2018\/05\/34079089490_afff700c36_o.jpg?fit=1200%2C900&resize=350%2C200 1x, https:\/\/i0.wp.com\/www.ernestohernandez.org\/wp-content\/uploads\/2018\/05\/34079089490_afff700c36_o.jpg?fit=1200%2C900&resize=525%2C300 1.5x, https:\/\/i0.wp.com\/www.ernestohernandez.org\/wp-content\/uploads\/2018\/05\/34079089490_afff700c36_o.jpg?fit=1200%2C900&resize=700%2C400 2x, https:\/\/i0.wp.com\/www.ernestohernandez.org\/wp-content\/uploads\/2018\/05\/34079089490_afff700c36_o.jpg?fit=1200%2C900&resize=1050%2C600 3x"},"classes":[]}],"_links":{"self":[{"href":"http:\/\/www.ernestohernandez.org\/index.php?rest_route=\/wp\/v2\/pages\/1110","targetHints":{"allow":["GET"]}}],"collection":[{"href":"http:\/\/www.ernestohernandez.org\/index.php?rest_route=\/wp\/v2\/pages"}],"about":[{"href":"http:\/\/www.ernestohernandez.org\/index.php?rest_route=\/wp\/v2\/types\/page"}],"author":[{"embeddable":true,"href":"http:\/\/www.ernestohernandez.org\/index.php?rest_route=\/wp\/v2\/users\/1"}],"replies":[{"embeddable":true,"href":"http:\/\/www.ernestohernandez.org\/index.php?rest_route=%2Fwp%2Fv2%2Fcomments&post=1110"}],"version-history":[{"count":1,"href":"http:\/\/www.ernestohernandez.org\/index.php?rest_route=\/wp\/v2\/pages\/1110\/revisions"}],"predecessor-version":[{"id":1111,"href":"http:\/\/www.ernestohernandez.org\/index.php?rest_route=\/wp\/v2\/pages\/1110\/revisions\/1111"}],"wp:attachment":[{"href":"http:\/\/www.ernestohernandez.org\/index.php?rest_route=%2Fwp%2Fv2%2Fmedia&parent=1110"}],"curies":[{"name":"wp","href":"https:\/\/api.w.org\/{rel}","templated":true}]}}