{"id":351,"date":"2013-08-15T17:42:26","date_gmt":"2013-08-15T17:42:26","guid":{"rendered":"http:\/\/www.ernestohernandez.org\/?page_id=351"},"modified":"2013-08-15T17:42:26","modified_gmt":"2013-08-15T17:42:26","slug":"published-gene-sequences","status":"publish","type":"page","link":"http:\/\/www.ernestohernandez.org\/?page_id=351","title":{"rendered":"Published gene sequences"},"content":{"rendered":"<p style=\"text-align: justify;\">Hernandez, J.E., Blanco, D. and Edyvean, R.G. (2007). EF373707 to EF590285. Uncultured bacterium clone GM5F-RD2 16S ribosomal RNA gene, partial sequence. gi|124494219|gb|<a title=\"Nucleotide sequence\" href=\"http:\/\/www.ncbi.nlm.nih.gov\/nuccore\/124494219?report=graph&amp;noslider=1&amp;tracks=[key:sequence_track,name:Sequence,display_name:Sequence,category:Sequence,annots:Sequence,ShowLabel:false][key:gene_model_track,name:Genes,display_name:Genes,category:Genes,annots:Unnamed,Options:MergeAll,SNPs:false,CDSProductFeats:false,ShowLabelsForAllFeatures:false,HighlightMode:0]&amp;color=0&amp;label=0&amp;decor=0&amp;spacing=0&amp;v=1:109&amp;c=00FFFF&amp;gflip=false&amp;select=null\" target=\"_blank\">EF373707.1<\/a>|.<\/p>\n<p style=\"text-align: justify;\">Hernandez, J.E., Blanco, D. and Edyvean, R.G. (2007). EF437217. Uncultured bacterium isolate TGGE gel band GM5F-RD2 16S ribosomal RNA gene, partial sequence. gi|133753037|gb|<a title=\"TGGE band sequence\" href=\"http:\/\/www.ncbi.nlm.nih.gov\/nuccore\/133753037?report=graph&amp;noslider=1&amp;tracks=[key:sequence_track,name:Sequence,display_name:Sequence,category:Sequence,annots:Sequence,ShowLabel:false][key:gene_model_track,name:Genes,display_name:Genes,category:Genes,annots:Unnamed,Options:MergeAll,SNPs:false,CDSProductFeats:false,ShowLabelsForAllFeatures:false,HighlightMode:0]&amp;color=0&amp;label=0&amp;decor=0&amp;spacing=0&amp;v=1:158&amp;c=99CC00&amp;gflip=false&amp;select=null\" target=\"_blank\">EF437217.1<\/a>|.<\/p>\n<p style=\"text-align: justify;\">Bachmann, R. T., Eboigbodin, K. E., Scaife, M., Hernandez, E. J., Biggs, C. A., Wright, P. C. and Edyvean, R. G. (2005). DQ065779 Uncultured bacterium clone RB-C05 16S ribosomal RNA gene, partial sequence. gi|67550183|gb|<a title=\"DQ065779 partial gene sequence\" href=\"http:\/\/www.ncbi.nlm.nih.gov\/nuccore\/67550183?report=graph&amp;noslider=1&amp;tracks=[key:sequence_track,name:Sequence,display_name:Sequence,category:Sequence,annots:Sequence,ShowLabel:false][key:gene_model_track,name:Genes,display_name:Genes,category:Genes,annots:Unnamed,Options:MergeAll,SNPs:false,CDSProductFeats:false,ShowLabelsForAllFeatures:false,HighlightMode:0]&amp;color=0&amp;label=0&amp;decor=0&amp;spacing=0&amp;v=1:1358&amp;c=C0C0C0&amp;gflip=false&amp;select=null\" target=\"_blank\">DQ065779.1<\/a>|.<\/p>\n","protected":false},"excerpt":{"rendered":"<p>Hernandez, J.E., Blanco, D. and Edyvean, R.G. (2007). EF373707 to EF590285. Uncultured bacterium clone GM5F-RD2 16S ribosomal RNA gene, partial sequence. gi|124494219|gb|EF373707.1|. Hernandez, J.E., Blanco, D. and Edyvean, R.G. (2007). EF437217. Uncultured bacterium isolate TGGE gel band GM5F-RD2 16S ribosomal RNA gene, partial sequence. gi|133753037|gb|EF437217.1|. Bachmann, R. T., Eboigbodin, K. E., Scaife, M., Hernandez, E. [&hellip;]<\/p>\n","protected":false},"author":1,"featured_media":0,"parent":21,"menu_order":0,"comment_status":"open","ping_status":"open","template":"","meta":{"jetpack_post_was_ever_published":false,"footnotes":""},"class_list":["post-351","page","type-page","status-publish","hentry"],"jetpack_sharing_enabled":true,"jetpack_shortlink":"https:\/\/wp.me\/P6rw5S-5F","jetpack-related-posts":[{"id":475,"url":"http:\/\/www.ernestohernandez.org\/?page_id=475","url_meta":{"origin":351,"position":0},"title":"Publications","author":"Ernesto Hernandez","date":"May 3, 2014","format":false,"excerpt":"Peer-reviewed papers Tanimu, I.M., Hernandez, J.E. and Bachmann, R.T. (2025). Biogas potential of oil palm empty fruit bunch and lignocellulosic insoluble fibre components via the syringe bioreactor method.\u00a0Fuel.385 (1), p. 134087. https:\/\/doi.org\/10.1016\/j.fuel.2024.134087 \u00a0 Hernandez, J.E., Espinosa-Solares, T., P\u00e9rez-Cadena, R., T\u00e9llez-Jurado, A. and Ram\u00edrez-Arpide, F.R. (2024). Sustainable agrobiorefinery system for advanced\u2026","rel":"","context":"Similar post","block_context":{"text":"Similar post","link":""},"img":{"alt_text":"","src":"","width":0,"height":0},"classes":[]},{"id":359,"url":"http:\/\/www.ernestohernandez.org\/?page_id=359","url_meta":{"origin":351,"position":1},"title":"Presentations and posters at conferences","author":"Ernesto Hernandez","date":"August 15, 2013","format":false,"excerpt":"Blanco, D., Hernandez, J.E., Mulas, D. and Gil, M.V. (2007). Genotypic characterization of phenol degrading microbes by applying Temperature Gradient Gel Electrophoresis (TGGE). XXXVI Congress of the Spanish Genetics Society, Leon, Spain. Hernandez, J. E & Edyvean, R. G. (2005) Inhibition of biogas production by substituted phenolic compounds in enriched\u2026","rel":"","context":"Similar post","block_context":{"text":"Similar post","link":""},"img":{"alt_text":"","src":"","width":0,"height":0},"classes":[]},{"id":354,"url":"http:\/\/www.ernestohernandez.org\/?page_id=354","url_meta":{"origin":351,"position":2},"title":"Conference papers","author":"Ernesto Hernandez","date":"August 15, 2013","format":false,"excerpt":"Hern\u00e1ndez, J.E., and Edyvean, R. \u201cAnaerobic treatment of phenol in a two-stage anaerobic reactor.\u201d Waste Management 2004, Rhodes, Greece, 203-211. Hernandez, J. E & Edyvean, R. G. (2005) Anaerobic treatment of phenol in a two-stage anaerobic reactor; 7th World Congress of Chemical Engineering, Glasgow. Hernandez, J. E., Bachmann, R. T.\u2026","rel":"","context":"Similar post","block_context":{"text":"Similar post","link":""},"img":{"alt_text":"","src":"","width":0,"height":0},"classes":[]},{"id":1120,"url":"http:\/\/www.ernestohernandez.org\/?page_id=1120","url_meta":{"origin":351,"position":3},"title":"Molecular identification of microbes in treated sludge","author":"Ernesto Hernandez","date":"February 11, 2015","format":false,"excerpt":"This CONACYT's sponsored project aimed at isolating and identifying fermentative microbes that survived after being boiled and were able to feed on phenol. Traditional microscopy techniques were complemented with two 16S rRNA molecular-based methods: clone library and TGGE fingerprinting. \u00a0","rel":"","context":"Similar post","block_context":{"text":"Similar post","link":""},"img":{"alt_text":"Molecular identification via clone library and TGGE fingerprinting.","src":"https:\/\/i0.wp.com\/www.ernestohernandez.org\/wp-content\/uploads\/2013\/10\/Molecular-identification.png?resize=350%2C200","width":350,"height":200,"srcset":"https:\/\/i0.wp.com\/www.ernestohernandez.org\/wp-content\/uploads\/2013\/10\/Molecular-identification.png?resize=350%2C200 1x, https:\/\/i0.wp.com\/www.ernestohernandez.org\/wp-content\/uploads\/2013\/10\/Molecular-identification.png?resize=525%2C300 1.5x, https:\/\/i0.wp.com\/www.ernestohernandez.org\/wp-content\/uploads\/2013\/10\/Molecular-identification.png?resize=700%2C400 2x"},"classes":[]},{"id":1872,"url":"http:\/\/www.ernestohernandez.org\/?page_id=1872","url_meta":{"origin":351,"position":4},"title":"Energ\u00eda y biomasa: \u00e1cido cafeico en residuos org\u00e1nicos y su efecto en el proceso de la digesti\u00f3n","author":"Ernesto Hernandez","date":"February 26, 2018","format":false,"excerpt":"Un contaminante muy com\u00fan en la biomasa El \u00e1cido cafeico es uno de los compuestos fen\u00f3licos que contiene el caf\u00e9, y al igual que muchos \u00e1cidos fen\u00f3licos tambi\u00e9n se encuentra en varios residuos org\u00e1nicos como el esti\u00e9rcol y una variedad de industrias como la producci\u00f3n de aceite de oliva, caf\u00e9,\u2026","rel":"","context":"Similar post","block_context":{"text":"Similar post","link":""},"img":{"alt_text":"Coffee cup tea cup","src":"https:\/\/i0.wp.com\/www.ernestohernandez.org\/wp-content\/uploads\/2018\/02\/IMG_8195-e1519720359111.jpg?fit=1200%2C900&resize=350%2C200","width":350,"height":200,"srcset":"https:\/\/i0.wp.com\/www.ernestohernandez.org\/wp-content\/uploads\/2018\/02\/IMG_8195-e1519720359111.jpg?fit=1200%2C900&resize=350%2C200 1x, https:\/\/i0.wp.com\/www.ernestohernandez.org\/wp-content\/uploads\/2018\/02\/IMG_8195-e1519720359111.jpg?fit=1200%2C900&resize=525%2C300 1.5x, https:\/\/i0.wp.com\/www.ernestohernandez.org\/wp-content\/uploads\/2018\/02\/IMG_8195-e1519720359111.jpg?fit=1200%2C900&resize=700%2C400 2x, https:\/\/i0.wp.com\/www.ernestohernandez.org\/wp-content\/uploads\/2018\/02\/IMG_8195-e1519720359111.jpg?fit=1200%2C900&resize=1050%2C600 3x"},"classes":[]},{"id":5475,"url":"http:\/\/www.ernestohernandez.org\/?page_id=5475","url_meta":{"origin":351,"position":5},"title":"The future of Bioengineering and its Impact","author":"Ernesto Hernandez","date":"May 21, 2025","format":false,"excerpt":"Here is an overview of the\u00a0future of bioengineering, a field merging biology and information technology to reshape businesses and society. It highlights\u00a0four key areas\u00a0within bioengineering: biomolecules, biosystems, biomachine interfaces, and biocomputing, with biomolecules and biosystems seeing recent significant progress. This text stresses that leaders should pay attention due to the\u2026","rel":"","context":"Similar post","block_context":{"text":"Similar post","link":""},"img":{"alt_text":"","src":"","width":0,"height":0},"classes":[]}],"_links":{"self":[{"href":"http:\/\/www.ernestohernandez.org\/index.php?rest_route=\/wp\/v2\/pages\/351","targetHints":{"allow":["GET"]}}],"collection":[{"href":"http:\/\/www.ernestohernandez.org\/index.php?rest_route=\/wp\/v2\/pages"}],"about":[{"href":"http:\/\/www.ernestohernandez.org\/index.php?rest_route=\/wp\/v2\/types\/page"}],"author":[{"embeddable":true,"href":"http:\/\/www.ernestohernandez.org\/index.php?rest_route=\/wp\/v2\/users\/1"}],"replies":[{"embeddable":true,"href":"http:\/\/www.ernestohernandez.org\/index.php?rest_route=%2Fwp%2Fv2%2Fcomments&post=351"}],"version-history":[{"count":1,"href":"http:\/\/www.ernestohernandez.org\/index.php?rest_route=\/wp\/v2\/pages\/351\/revisions"}],"predecessor-version":[{"id":352,"href":"http:\/\/www.ernestohernandez.org\/index.php?rest_route=\/wp\/v2\/pages\/351\/revisions\/352"}],"up":[{"embeddable":true,"href":"http:\/\/www.ernestohernandez.org\/index.php?rest_route=\/wp\/v2\/pages\/21"}],"wp:attachment":[{"href":"http:\/\/www.ernestohernandez.org\/index.php?rest_route=%2Fwp%2Fv2%2Fmedia&parent=351"}],"curies":[{"name":"wp","href":"https:\/\/api.w.org\/{rel}","templated":true}]}}